{"id":370,"date":"2026-03-25T16:48:34","date_gmt":"2026-03-25T15:48:34","guid":{"rendered":"https:\/\/www.campinglesgranges.fr\/?page_id=370"},"modified":"2026-04-13T16:47:02","modified_gmt":"2026-04-13T14:47:02","slug":"mentions-legales","status":"publish","type":"page","link":"https:\/\/www.campinglesgranges.fr\/es\/mentions-legales\/","title":{"rendered":"Aviso legal"},"content":{"rendered":"<div class=\"wp-block-stackable-columns stk-block-columns stk-block stk-80eb86c\" data-block-id=\"80eb86c\"><div class=\"stk-row stk-inner-blocks stk-block-content stk-content-align stk-80eb86c-column\">\n<div class=\"wp-block-stackable-column stk-block-column stk-column stk-block stk-f4778c5\" data-v=\"4\" data-block-id=\"f4778c5\"><div class=\"stk-column-wrapper stk-block-column__content stk-container stk-f4778c5-container stk--no-background stk--no-padding\"><div class=\"stk-block-content stk-inner-blocks stk-f4778c5-inner-blocks\">\n<div class=\"wp-block-stackable-text stk-block-text stk-block stk-240b36a\" data-block-id=\"240b36a\"><p class=\"stk-block-text__text\"><strong>Qui sommes-nous ?<br><\/strong>\u00c9diteur<br>CAMPING LES GRANGES ***<\/p><\/div>\n\n\n\n<div class=\"wp-block-stackable-text stk-block-text stk-block stk-034dfd6\" data-block-id=\"034dfd6\"><p class=\"stk-block-text__text\">Avenue de l\u2019Europe<br>37230 LUYNES<br>T\u00e9l : 02 47 55 79 05<br>Fax : 02 47 40 92 43<br>Email : reception@campinglesgranges.fr<\/p><\/div>\n\n\n\n<p data-block-type=\"core\">Raison sociale : GRANGES 37, soci\u00e9t\u00e9 par actions simplifi\u00e9es<br>Capital social : 7 622,45 \u20ac<br>Siret : 432 705 838 00030<br>Code APE : 5530Z<br>RCS : Tours B 432 705 838<br>TVA intracommunautaire : FR88432705838<\/p>\n\n\n\n<div class=\"wp-block-stackable-text stk-block-text stk-block stk-84bd8e0\" data-block-id=\"84bd8e0\"><p class=\"stk-block-text__text\">Directeur de la publication<br><\/p><\/div>\n<\/div><\/div><\/div>\n\n\n\n<div class=\"wp-block-stackable-column stk-block-column stk-column stk-block stk-1acd036\" data-v=\"4\" data-block-id=\"1acd036\"><div class=\"stk-column-wrapper stk-block-column__content stk-container stk-1acd036-container stk--no-background stk--no-padding\"><div class=\"stk-block-content stk-inner-blocks stk-1acd036-inner-blocks\">\n<div class=\"wp-block-stackable-text stk-block-text stk-block stk-c3c4a3b\" data-block-id=\"c3c4a3b\"><p class=\"stk-block-text__text\"><strong>R\u00e9alisation Technique &amp; Graphique :<br><\/strong>SEV \/ Ouest-Communication.com<\/p><\/div>\n\n\n\n<p data-block-type=\"core\">123 Bd Louis Blanc, Hall 2<br>85000 La Roche sur Yon<br>T\u00e9l. : 02 51 20 30 40<br>E-mail : <a href=\"mailto:contact@ouest-communication.com\">contact@ouest-communication.com<\/a><br>Site internet : <a href=\"https:\/\/www.ouest-communication.com\/\">https:\/\/www.ouest-communication.com\/<\/a><\/p>\n\n\n\n<p data-block-type=\"core\"><strong>H\u00e9bergement du site :<br><\/strong>O2 Switch<\/p>\n<\/div><\/div><\/div>\n<\/div><\/div>\n\n\n\n<p data-block-type=\"core\">Utilisation des donn\u00e9es personnelles collect\u00e9es<br>Vos donn\u00e9es personnelles sont uniquement utilis\u00e9es dans le cadre de la relation commerciale entre vous et l\u2019\u00e9diteur \u00ab CAMPING LES GRANGES *** \u00bb.<\/p>\n\n\n\n<p data-block-type=\"core\">Sauf accord explicite de votre part, vos donn\u00e9es ne sont pas transmises \u00e0 des tiers.<\/p>\n\n\n\n<p data-block-type=\"core\">Formulaires de contact<br>Les informations recueillis par les formulaires sont enregistr\u00e9s dans un fichier informatis\u00e9 dans le cadre d\u2019une demande d\u2019information et de la relation commerciale qui peut en d\u00e9couler. Vous pouvez excercer un droit d\u2019acc\u00e8s \u00e0 vos donn\u00e9es personnelles en utilisant le formulaire pr\u00e9vu \u00e0 cet effet.<\/p>\n\n\n\n<p data-block-type=\"core\">Cookies<br>Si vous d\u00e9posez un commentaire sur notre site, il vous sera propos\u00e9 d\u2019enregistrer votre nom, adresse de messagerie et site web dans des cookies. C\u2019est uniquement pour votre confort afin de ne pas avoir \u00e0 saisir ces informations si vous d\u00e9posez un autre commentaire plus tard. Ces cookies expirent au bout d\u2019un an.<\/p>\n\n\n\n<p data-block-type=\"core\">Si vous avez un compte et que vous vous connectez sur ce site, un cookie temporaire sera cr\u00e9\u00e9 afin de d\u00e9terminer si votre navigateur accepte les cookies. Il ne contient pas de donn\u00e9es personnelles et sera supprim\u00e9 automatiquement \u00e0 la fermeture de votre navigateur.<\/p>\n\n\n\n<p data-block-type=\"core\">A des fins de statistiques ce site utilise des cookies qui ont pour but de recueillir des informations sur les pages que vous avez visit\u00e9es. Ils stockent notamment des informations anonymes notamment sur votre position g\u00e9ographique, votre navigateur, etc\u2026<\/p>\n\n\n\n<p data-block-type=\"core\">M\u00e9dias<br>Si vous \u00eates un utilisateur ou une utilisatrice enregistr\u00e9\u00b7e et que vous t\u00e9l\u00e9versez des images sur le site web, nous vous conseillons d\u2019\u00e9viter de t\u00e9l\u00e9verser des images contenant des donn\u00e9es EXIF de coordonn\u00e9es GPS. Les visiteurs de votre site web peuvent t\u00e9l\u00e9charger et extraire des donn\u00e9es de localisation depuis ces images.<\/p>\n\n\n\n<p data-block-type=\"core\">Contenu embarqu\u00e9 depuis d\u2019autres sites<br>Les articles de ce site peuvent inclure des contenus int\u00e9gr\u00e9s (par exemple des vid\u00e9os, images, articles\u2026). Le contenu int\u00e9gr\u00e9 depuis d\u2019autres sites se comporte de la m\u00eame mani\u00e8re que si le visiteur se rendait sur cet autre site.<\/p>\n\n\n\n<p data-block-type=\"core\">Ces sites web pourraient collecter des donn\u00e9es sur vous, utiliser des cookies, embarquer des outils de suivis tiers, suivre vos interactions avec ces contenus embarqu\u00e9s si vous disposez d\u2019un compte connect\u00e9 sur leur site web.<\/p>\n\n\n\n<p data-block-type=\"core\">Dur\u00e9es de stockage de vos donn\u00e9es<br>Si vous laissez un commentaire, le commentaire et ses m\u00e9tadonn\u00e9es sont conserv\u00e9s ind\u00e9finiment. Cela permet de reconna\u00eetre et approuver automatiquement les commentaires suivants au lieu de les laisser dans la file de mod\u00e9ration.<\/p>\n\n\n\n<p data-block-type=\"core\">Pour les utilisateurs et utilisatrices qui s\u2019enregistrent sur notre site (si cela est possible), nous stockons \u00e9galement les donn\u00e9es personnelles indiqu\u00e9es dans leur profil. Tous les utilisateurs et utilisatrices peuvent voir, modifier ou supprimer leurs informations personnelles \u00e0 tout moment (\u00e0 l\u2019exception de leur nom d\u2019utilisateur\u00b7ice). Les gestionnaires du site peuvent aussi voir et modifier ces informations.<\/p>\n\n\n\n<p data-block-type=\"core\">Les droits que vous avez sur vos donn\u00e9es<br>Si vous avez un compte ou si vous avez laiss\u00e9 des commentaires sur le site, vous pouvez demander \u00e0 recevoir un fichier contenant toutes les donn\u00e9es personnelles que nous poss\u00e9dons \u00e0 votre sujet, incluant celles que vous nous avez fournies. Vous pouvez \u00e9galement demander la suppression des donn\u00e9es personnelles vous concernant. Cela ne prend pas en compte les donn\u00e9es stock\u00e9es \u00e0 des fins administratives, l\u00e9gales ou pour des raisons de s\u00e9curit\u00e9.<\/p>\n\n\n\n<div class=\"wp-block-stackable-text stk-block-text stk-block stk-b992638\" data-block-id=\"b992638\"><style>.stk-b992638 {margin-bottom:var(--stk--preset--spacing--50, clamp(30px, 5vw, 50px)) !important;}<\/style><p class=\"stk-block-text__text\">Cr\u00e9dit photo :<br>A. Verger &#8211; CRT Centre-Val de Loire<br>T. Somerset &#8211; Ch\u00e2teau royal de Blois<br>Les Coflocs<br>Frederic Paillet<br>E Matha<br>D. Darrault &#8211; Petites Cit\u00e9s de Caract\u00e8re\u00ae<br>Erwan Fiquet<br>V. Treney &#8211; CRT Centre-Val de Loire<br>D. Darrault &#8211; CRT Centre-Val de Loire<\/p><\/div>","protected":false},"excerpt":{"rendered":"<p>Qui sommes-nous ?\u00c9diteurCAMPING LES GRANGES *** Avenue de l\u2019Europe37230 LUYNEST\u00e9l : 02 47 55 79 05Fax : 02 47 40 92 43Email : reception@campinglesgranges.fr Raison sociale : GRANGES 37, soci\u00e9t\u00e9 par actions simplifi\u00e9esCapital social : 7 622,45 \u20acSiret : 432 705 838 00030Code APE : 5530ZRCS : Tours B 432 705 838TVA intracommunautaire : FR88432705838 [&hellip;]<\/p>\n","protected":false},"author":1,"featured_media":56,"parent":0,"menu_order":0,"comment_status":"closed","ping_status":"closed","template":"","meta":{"_acf_changed":false,"_seopress_robots_primary_cat":"","_seopress_titles_title":"Mentions L\u00e9gales | Camping Les Granges (Indre-et-Loire)","_seopress_titles_desc":"Consultez les mentions l\u00e9gales et les conditions d'utilisation du site officiel du Camping Les Granges, \u00e9tablissement 3 \u00e9toiles situ\u00e9 \u00e0 Luynes (37).","_seopress_robots_index":"","_vp_format_video_url":"","_vp_image_focal_point":[],"footnotes":""},"class_list":["post-370","page","type-page","status-publish","has-post-thumbnail","hentry"],"acf":[],"_links":{"self":[{"href":"https:\/\/www.campinglesgranges.fr\/es\/wp-json\/wp\/v2\/pages\/370","targetHints":{"allow":["GET"]}}],"collection":[{"href":"https:\/\/www.campinglesgranges.fr\/es\/wp-json\/wp\/v2\/pages"}],"about":[{"href":"https:\/\/www.campinglesgranges.fr\/es\/wp-json\/wp\/v2\/types\/page"}],"author":[{"embeddable":true,"href":"https:\/\/www.campinglesgranges.fr\/es\/wp-json\/wp\/v2\/users\/1"}],"replies":[{"embeddable":true,"href":"https:\/\/www.campinglesgranges.fr\/es\/wp-json\/wp\/v2\/comments?post=370"}],"version-history":[{"count":7,"href":"https:\/\/www.campinglesgranges.fr\/es\/wp-json\/wp\/v2\/pages\/370\/revisions"}],"predecessor-version":[{"id":812,"href":"https:\/\/www.campinglesgranges.fr\/es\/wp-json\/wp\/v2\/pages\/370\/revisions\/812"}],"wp:featuredmedia":[{"embeddable":true,"href":"https:\/\/www.campinglesgranges.fr\/es\/wp-json\/wp\/v2\/media\/56"}],"wp:attachment":[{"href":"https:\/\/www.campinglesgranges.fr\/es\/wp-json\/wp\/v2\/media?parent=370"}],"curies":[{"name":"wp","href":"https:\/\/api.w.org\/{rel}","templated":true}]}}

<div class="wp-block-stackable-columns stk-block-columns stk-block stk-80eb86c" data-block-id="80eb86c"><div class="stk-row stk-inner-blocks stk-block-content stk-content-align stk-80eb86c-column">
<div class="wp-block-stackable-column stk-block-column stk-column stk-block stk-f4778c5" data-v="4" data-block-id="f4778c5"><div class="stk-column-wrapper stk-block-column__content stk-container stk-f4778c5-container stk--no-background stk--no-padding"><div class="stk-block-content stk-inner-blocks stk-f4778c5-inner-blocks">
<div class="wp-block-stackable-text stk-block-text stk-block stk-240b36a" data-block-id="240b36a"><p class="stk-block-text__text"><strong>Qui sommes-nous ?<br></strong>Éditeur<br>CAMPING LES GRANGES ***</p></div>



<div class="wp-block-stackable-text stk-block-text stk-block stk-034dfd6" data-block-id="034dfd6"><p class="stk-block-text__text">Avenue de l’Europe<br>37230 LUYNES<br>Tél : 02 47 55 79 05<br>Fax : 02 47 40 92 43<br>Email : reception@campinglesgranges.fr</p></div>



<p data-block-type="core">Raison sociale : GRANGES 37, société par actions simplifiées<br>Capital social : 7 622,45 €<br>Siret : 432 705 838 00030<br>Code APE : 5530Z<br>RCS : Tours B 432 705 838<br>TVA intracommunautaire : FR88432705838</p>



<div class="wp-block-stackable-text stk-block-text stk-block stk-84bd8e0" data-block-id="84bd8e0"><p class="stk-block-text__text">Directeur de la publication<br></p></div>
</div></div></div>



<div class="wp-block-stackable-column stk-block-column stk-column stk-block stk-1acd036" data-v="4" data-block-id="1acd036"><div class="stk-column-wrapper stk-block-column__content stk-container stk-1acd036-container stk--no-background stk--no-padding"><div class="stk-block-content stk-inner-blocks stk-1acd036-inner-blocks">
<div class="wp-block-stackable-text stk-block-text stk-block stk-c3c4a3b" data-block-id="c3c4a3b"><p class="stk-block-text__text"><strong>Réalisation Technique &amp; Graphique :<br></strong>SEV / Ouest-Communication.com</p></div>



<p data-block-type="core">123 Bd Louis Blanc, Hall 2<br>85000 La Roche sur Yon<br>Tél. : 02 51 20 30 40<br>E-mail : <a href="mailto:contact@ouest-communication.com">contact@ouest-communication.com</a><br>Site internet : <a href="https://www.ouest-communication.com/">https://www.ouest-communication.com/</a></p>



<p data-block-type="core"><strong>Hébergement du site :<br></strong>O2 Switch</p>
</div></div></div>
</div></div>



<p data-block-type="core">Utilisation des données personnelles collectées<br>Vos données personnelles sont uniquement utilisées dans le cadre de la relation commerciale entre vous et l’éditeur « CAMPING LES GRANGES *** ».</p>



<p data-block-type="core">Sauf accord explicite de votre part, vos données ne sont pas transmises à des tiers.</p>



<p data-block-type="core">Formulaires de contact<br>Les informations recueillis par les formulaires sont enregistrés dans un fichier informatisé dans le cadre d’une demande d’information et de la relation commerciale qui peut en découler. Vous pouvez excercer un droit d’accès à vos données personnelles en utilisant le formulaire prévu à cet effet.</p>



<p data-block-type="core">Cookies<br>Si vous déposez un commentaire sur notre site, il vous sera proposé d’enregistrer votre nom, adresse de messagerie et site web dans des cookies. C’est uniquement pour votre confort afin de ne pas avoir à saisir ces informations si vous déposez un autre commentaire plus tard. Ces cookies expirent au bout d’un an.</p>



<p data-block-type="core">Si vous avez un compte et que vous vous connectez sur ce site, un cookie temporaire sera créé afin de déterminer si votre navigateur accepte les cookies. Il ne contient pas de données personnelles et sera supprimé automatiquement à la fermeture de votre navigateur.</p>



<p data-block-type="core">A des fins de statistiques ce site utilise des cookies qui ont pour but de recueillir des informations sur les pages que vous avez visitées. Ils stockent notamment des informations anonymes notamment sur votre position géographique, votre navigateur, etc…</p>



<p data-block-type="core">Médias<br>Si vous êtes un utilisateur ou une utilisatrice enregistré·e et que vous téléversez des images sur le site web, nous vous conseillons d’éviter de téléverser des images contenant des données EXIF de coordonnées GPS. Les visiteurs de votre site web peuvent télécharger et extraire des données de localisation depuis ces images.</p>



<p data-block-type="core">Contenu embarqué depuis d’autres sites<br>Les articles de ce site peuvent inclure des contenus intégrés (par exemple des vidéos, images, articles…). Le contenu intégré depuis d’autres sites se comporte de la même manière que si le visiteur se rendait sur cet autre site.</p>



<p data-block-type="core">Ces sites web pourraient collecter des données sur vous, utiliser des cookies, embarquer des outils de suivis tiers, suivre vos interactions avec ces contenus embarqués si vous disposez d’un compte connecté sur leur site web.</p>



<p data-block-type="core">Durées de stockage de vos données<br>Si vous laissez un commentaire, le commentaire et ses métadonnées sont conservés indéfiniment. Cela permet de reconnaître et approuver automatiquement les commentaires suivants au lieu de les laisser dans la file de modération.</p>



<p data-block-type="core">Pour les utilisateurs et utilisatrices qui s’enregistrent sur notre site (si cela est possible), nous stockons également les données personnelles indiquées dans leur profil. Tous les utilisateurs et utilisatrices peuvent voir, modifier ou supprimer leurs informations personnelles à tout moment (à l’exception de leur nom d’utilisateur·ice). Les gestionnaires du site peuvent aussi voir et modifier ces informations.</p>



<p data-block-type="core">Les droits que vous avez sur vos données<br>Si vous avez un compte ou si vous avez laissé des commentaires sur le site, vous pouvez demander à recevoir un fichier contenant toutes les données personnelles que nous possédons à votre sujet, incluant celles que vous nous avez fournies. Vous pouvez également demander la suppression des données personnelles vous concernant. Cela ne prend pas en compte les données stockées à des fins administratives, légales ou pour des raisons de sécurité.</p>



<div class="wp-block-stackable-text stk-block-text stk-block stk-b992638" data-block-id="b992638"><style>.stk-b992638 {margin-bottom:var(--stk--preset--spacing--50, clamp(30px, 5vw, 50px)) !important;}</style><p class="stk-block-text__text">Crédit photo :<br>A. Verger &#8211; CRT Centre-Val de Loire<br>T. Somerset &#8211; Château royal de Blois<br>Les Coflocs<br>Frederic Paillet<br>E Matha<br>D. Darrault &#8211; Petites Cités de Caractère®<br>Erwan Fiquet<br>V. Treney &#8211; CRT Centre-Val de Loire<br>D. Darrault &#8211; CRT Centre-Val de Loire</p></div>

<p>Qui sommes-nous ?ÉditeurCAMPING LES GRANGES *** Avenue de l’Europe37230 LUYNESTél : 02 47 55 79 05Fax : 02 47 40 92 43Email : reception@campinglesgranges.fr Raison sociale : GRANGES 37, société par actions simplifiéesCapital social : 7 622,45 €Siret : 432 705 838 00030Code APE : 5530ZRCS : Tours B 432 705 838TVA intracommunautaire : FR88432705838 [&hellip;]</p>

Mentions Légales | Camping Les Granges (Indre-et-Loire)

Consultez les mentions légales et les conditions d'utilisation du site officiel du Camping Les Granges, établissement 3 étoiles situé à Luynes (37).
