{"id":224,"date":"2026-03-19T15:59:11","date_gmt":"2026-03-19T14:59:11","guid":{"rendered":"https:\/\/www.campinglesgranges.fr\/?page_id=224"},"modified":"2026-04-23T10:20:40","modified_gmt":"2026-04-23T08:20:40","slug":"el-castillo-de-langeais","status":"publish","type":"page","link":"https:\/\/www.campinglesgranges.fr\/es\/cote-chateaux\/le-chateau-de-langeais\/","title":{"rendered":"El Castillo de Langeais"},"content":{"rendered":"<div class=\"wp-block-stackable-columns alignfull stk-block-columns stk-block stk-dd23a22\" data-block-id=\"dd23a22\"><style>.stk-dd23a22 .stk--block-align-dd23a22{align-items:center !important;}.stk-dd23a22 {margin-bottom:var(--stk--preset--spacing--60, clamp(30px, 7vw, 70px)) !important;}.stk-dd23a22-column{max-width:1280px !important;min-width:auto !important;--stk-column-gap:var(--stk--preset--spacing--50, clamp(30px, 5vw, 50px)) !important;}@media screen and (max-width: 767px){.stk-dd23a22 {--stk-col-order-1:2 !important;--stk-col-order-2:1 !important;}}<\/style><div class=\"stk-row stk-inner-blocks stk--block-align-dd23a22 stk-block-content stk-content-align stk-dd23a22-column alignwide\">\n<div class=\"wp-block-stackable-column stk-block-column stk-column stk-block stk-836118b\" data-v=\"4\" data-block-id=\"836118b\"><div class=\"stk-column-wrapper stk-block-column__content stk-container stk-836118b-container stk--no-background stk--no-padding\"><div class=\"stk-block-content stk-inner-blocks stk-836118b-inner-blocks\">\n<div class=\"wp-block-stackable-image stk-block-image stk-block stk-f9d2a41\" data-block-id=\"f9d2a41\"><style>.stk-f9d2a41 .stk-img-wrapper{width:100% !important;height:700px !important;filter:drop-shadow(2px 2px 9px #00000070) !important;}.stk-f9d2a41 .stk-img-wrapper img{border-radius:25px !important;}@media screen and (max-width: 767px){.stk-f9d2a41 .stk-img-wrapper{height:400px !important;}}<\/style><figure><span class=\"stk-img-wrapper stk-image--shape-stretch stk--shadow-2px 2px 9px #00000070\"><img loading=\"lazy\" decoding=\"async\" class=\"stk-img wp-image-422\" src=\"https:\/\/www.campinglesgranges.fr\/wp-content\/uploads\/2026\/03\/langeais_chateau_06_avergerjpg-1_webformat.webp\" width=\"800\" height=\"533\" alt=\"castillo del loira - castillo de langeais\" srcset=\"https:\/\/www.campinglesgranges.fr\/wp-content\/uploads\/2026\/03\/langeais_chateau_06_avergerjpg-1_webformat.webp 800w, https:\/\/www.campinglesgranges.fr\/wp-content\/uploads\/2026\/03\/langeais_chateau_06_avergerjpg-1_webformat-300x200.webp 300w, https:\/\/www.campinglesgranges.fr\/wp-content\/uploads\/2026\/03\/langeais_chateau_06_avergerjpg-1_webformat-768x512.webp 768w, https:\/\/www.campinglesgranges.fr\/wp-content\/uploads\/2026\/03\/langeais_chateau_06_avergerjpg-1_webformat-500x333.webp 500w\" sizes=\"auto, (max-width: 800px) 100vw, 800px\" \/><\/span><\/figure><\/div>\n<\/div><\/div><\/div>\n\n\n\n<div class=\"wp-block-stackable-column stk-block-column stk-column stk-block stk-53ee707\" data-v=\"4\" data-block-id=\"53ee707\"><div class=\"stk-column-wrapper stk-block-column__content stk-container stk-53ee707-container stk--no-background stk--no-padding\"><div class=\"stk-block-content stk-inner-blocks stk-53ee707-inner-blocks\">\n<div class=\"wp-block-stackable-heading stk-block-heading stk-block-heading--v2 stk-block stk-2cf7483\" id=\"chateau-de-langeais-histoire-medievale-et-fresques\" data-block-id=\"2cf7483\"><h2 class=\"stk-block-heading__text\">Castillo de Langeais: historia medieval y frescos<\/h2><\/div>\n\n\n\n<div class=\"wp-block-stackable-text stk-block-text stk-block stk-da2d064\" data-block-id=\"da2d064\"><p class=\"stk-block-text__text\">Hoy, queremos hablarles sobre un tesoro hist\u00f3rico muy cerca del camping Flower Les granges: el Castillo de Langeais.<\/p><\/div>\n\n\n\n<div class=\"wp-block-stackable-text stk-block-text stk-block stk-2258406\" data-block-id=\"2258406\"><p class=\"stk-block-text__text\">El Castillo de Langeais es un magn\u00edfico castillo medieval, ubicado a solo unos kil\u00f3metros de nuestro camping. Construido en el siglo XV, es famoso por su impresionante arquitectura y su papel clave en la historia de Francia. Este castillo ha sido escenario de numerosos acontecimientos importantes, sobre todo la boda de Carlos VIII y Ana de Breta\u00f1a, un momento crucial que marc\u00f3 la uni\u00f3n de los dos ducados.<\/p><\/div>\n\n\n\n<div class=\"wp-block-stackable-text stk-block-text stk-block stk-70d3fb0\" data-block-id=\"70d3fb0\"><p class=\"stk-block-text__text\">Al visitar el castillo, podr\u00e1s explorar sus salas ricamente decoradas, sus encantadores jardines e incluso su impresionante fortaleza. No te pierdas el puente levadizo y las fosas que a\u00f1aden encanto a este lugar hist\u00f3rico. Adem\u00e1s, a menudo se ofrecen animaciones y visitas guiadas, lo que hace que la experiencia sea a\u00fan m\u00e1s inmersiva y cautivadora.<\/p><\/div>\n\n\n\n<div class=\"wp-block-stackable-text stk-block-text stk-block stk-3dd7335\" data-block-id=\"3dd7335\"><p class=\"stk-block-text__text\">El Castillo de Langeais es un lugar ideal para pasar un d\u00eda en familia o con amigos, mientras descubren la fascinante historia de nuestra regi\u00f3n. \u00a1Le recomendamos encarecidamente que planifique su visita durante su estancia con nosotros!<\/p><\/div>\n<\/div><\/div><\/div>\n<\/div><\/div>\n\n\n\n<div class=\"wp-block-stackable-columns alignfull stk-block-columns stk-block stk-4f28c56 stk-block-background\" data-block-id=\"4f28c56\"><style>.stk-4f28c56 .stk--block-align-4f28c56{align-items:center !important;}.stk-4f28c56 {background-color:var(--stk-global-color-42219, #bce3f9) !important;border-top-left-radius:25px !important;border-top-right-radius:25px !important;border-bottom-right-radius:25px !important;border-bottom-left-radius:25px !important;overflow:hidden !important;box-shadow:2px 2px 10px 0px #0000004a !important;padding-top:var(--stk--preset--spacing--50, clamp(30px, 5vw, 50px)) !important;padding-bottom:var(--stk--preset--spacing--50, clamp(30px, 5vw, 50px)) !important;margin-bottom:var(--stk--preset--spacing--60, clamp(30px, 7vw, 70px)) !important;}.stk-4f28c56:before{background-color:var(--stk-global-color-42219, #bce3f9) !important;}.stk-4f28c56-column{max-width:1280px !important;min-width:auto !important;--stk-column-gap:var(--stk--preset--spacing--50, clamp(30px, 5vw, 50px)) !important;}<\/style><div class=\"stk-row stk-inner-blocks stk--block-align-4f28c56 stk-block-content stk-content-align stk-4f28c56-column alignwide\">\n<div class=\"wp-block-stackable-column stk-block-column stk-column stk-block stk-f63c99f\" data-v=\"4\" data-block-id=\"f63c99f\"><div class=\"stk-column-wrapper stk-block-column__content stk-container stk-f63c99f-container stk--no-background stk--no-padding\"><div class=\"stk-block-content stk-inner-blocks stk-f63c99f-inner-blocks\">\n<div class=\"wp-block-stackable-text stk-block-text stk-block stk-8efc6ad\" data-block-id=\"8efc6ad\"><p class=\"stk-block-text__text\">El domingo por la ma\u00f1ana, no olvide visitar el gran mercado tradicional que se celebra al pie del castillo. Es la ocasi\u00f3n perfecta para descubrir los productos locales, degustar especialidades regionales y conocer a artesanos apasionados. El ambiente es agradable y animado, y all\u00ed podr\u00e1 encontrar frutas y verduras frescas, quesos, panes artesanales y muchas otras delicias.<\/p><\/div>\n\n\n\n<div class=\"wp-block-stackable-text stk-block-text stk-block stk-87ae098\" data-block-id=\"87ae098\"><p class=\"stk-block-text__text\">Finalmente, la calle comercial de Langeais es un lugar encantador para pasear. Encontrar\u00e1 peque\u00f1as tiendas, caf\u00e9s acogedores y restaurantes donde podr\u00e1 saborear platos t\u00edpicos de la regi\u00f3n. Es el lugar ideal para comprar algunos souvenirs o simplemente disfrutar de un momento de relajaci\u00f3n.<\/p><\/div>\n\n\n\n<div class=\"wp-block-stackable-text stk-block-text stk-block stk-334adf1\" data-block-id=\"334adf1\"><p class=\"stk-block-text__text\">No dude en pedirnos consejo para llegar all\u00ed o para cualquier otra informaci\u00f3n. Encontrar\u00e1 el programa de actividades del Castillo en la recepci\u00f3n.<\/p><\/div>\n\n\n\n<div class=\"wp-block-stackable-text stk-block-text stk-block stk-6c818c9\" data-block-id=\"6c818c9\"><p class=\"stk-block-text__text\">\u00a1Disfruta de tu estancia y de la belleza de Indre-et-Loire!<\/p><\/div>\n<\/div><\/div><\/div>\n\n\n\n<div class=\"wp-block-stackable-column stk-block-column stk-column stk-block stk-80bd9da\" data-v=\"4\" data-block-id=\"80bd9da\"><div class=\"stk-column-wrapper stk-block-column__content stk-container stk-80bd9da-container stk--no-background stk--no-padding\"><div class=\"stk-block-content stk-inner-blocks stk-80bd9da-inner-blocks\">\n<div class=\"wp-block-stackable-image stk-block-image has-text-align-right stk-block stk-904e8bd\" data-block-id=\"904e8bd\"><style>.stk-904e8bd {margin-bottom:-40px !important;z-index:3 !important;}.stk-904e8bd .stk-img-wrapper{width:150px !important;}<\/style><figure><span class=\"stk-img-wrapper stk-image--shape-stretch\"><img loading=\"lazy\" decoding=\"async\" class=\"stk-img wp-image-143\" src=\"https:\/\/www.campinglesgranges.fr\/wp-content\/uploads\/2026\/03\/logo_camping-les-granges-3-1-1.png\" width=\"336\" height=\"286\" alt=\"logo camping les granges 3 1\" srcset=\"https:\/\/www.campinglesgranges.fr\/wp-content\/uploads\/2026\/03\/logo_camping-les-granges-3-1-1.png 336w, https:\/\/www.campinglesgranges.fr\/wp-content\/uploads\/2026\/03\/logo_camping-les-granges-3-1-1-300x255.png 300w\" sizes=\"auto, (max-width: 336px) 100vw, 336px\" \/><\/span><\/figure><\/div>\n\n\n\n<div class=\"wp-block-stackable-image stk-block-image stk-block stk-5333732\" data-block-id=\"5333732\"><style>.stk-5333732 .stk-img-wrapper{width:100% !important;height:413px !important;filter:drop-shadow(2px 2px 9px #00000070) !important;}.stk-5333732 .stk-img-wrapper img{border-radius:25px !important;}<\/style><figure><span class=\"stk-img-wrapper stk-image--shape-stretch stk--shadow-2px 2px 9px #00000070\"><img loading=\"lazy\" decoding=\"async\" class=\"stk-img wp-image-423\" src=\"https:\/\/www.campinglesgranges.fr\/wp-content\/uploads\/2026\/03\/langeais_1856_chmouton-1_webformat.webp\" width=\"800\" height=\"533\" alt=\"castillo del loira - castillo de langeais \" srcset=\"https:\/\/www.campinglesgranges.fr\/wp-content\/uploads\/2026\/03\/langeais_1856_chmouton-1_webformat.webp 800w, https:\/\/www.campinglesgranges.fr\/wp-content\/uploads\/2026\/03\/langeais_1856_chmouton-1_webformat-300x200.webp 300w, https:\/\/www.campinglesgranges.fr\/wp-content\/uploads\/2026\/03\/langeais_1856_chmouton-1_webformat-768x512.webp 768w, https:\/\/www.campinglesgranges.fr\/wp-content\/uploads\/2026\/03\/langeais_1856_chmouton-1_webformat-500x333.webp 500w\" sizes=\"auto, (max-width: 800px) 100vw, 800px\" \/><\/span><\/figure><\/div>\n<\/div><\/div><\/div>\n<\/div><\/div>","protected":false},"excerpt":{"rendered":"<p>Ch\u00e2teau de Langeais : histoire m\u00e9di\u00e9vale et fresques Aujourd\u2019hui, nous souhaitons vous parler d\u2019un tr\u00e9sor historique tout proche du camping Flower Les granges : le Ch\u00e2teau de Langeais. Le Ch\u00e2teau de Langeais est un magnifique ch\u00e2teau m\u00e9di\u00e9val, situ\u00e9 \u00e0 seulement quelques kilom\u00e8tres de notre camping. Construit au XVe si\u00e8cle, il est c\u00e9l\u00e8bre pour son architecture [&hellip;]<\/p>\n","protected":false},"author":1,"featured_media":56,"parent":182,"menu_order":0,"comment_status":"closed","ping_status":"closed","template":"","meta":{"_acf_changed":false,"_seopress_robots_primary_cat":"","_seopress_titles_title":"Visiter le ch\u00e2teau de Langeais - Camping Les Granges","_seopress_titles_desc":"D\u00e9couvrez le ch\u00e2teau de Langeais lors de vos vacances au Camping Les Granges et explorez un site embl\u00e9matique du patrimoine de la Loire.","_seopress_robots_index":"","_vp_format_video_url":"","_vp_image_focal_point":[],"footnotes":""},"class_list":["post-224","page","type-page","status-publish","has-post-thumbnail","hentry"],"acf":[],"_links":{"self":[{"href":"https:\/\/www.campinglesgranges.fr\/es\/wp-json\/wp\/v2\/pages\/224","targetHints":{"allow":["GET"]}}],"collection":[{"href":"https:\/\/www.campinglesgranges.fr\/es\/wp-json\/wp\/v2\/pages"}],"about":[{"href":"https:\/\/www.campinglesgranges.fr\/es\/wp-json\/wp\/v2\/types\/page"}],"author":[{"embeddable":true,"href":"https:\/\/www.campinglesgranges.fr\/es\/wp-json\/wp\/v2\/users\/1"}],"replies":[{"embeddable":true,"href":"https:\/\/www.campinglesgranges.fr\/es\/wp-json\/wp\/v2\/comments?post=224"}],"version-history":[{"count":4,"href":"https:\/\/www.campinglesgranges.fr\/es\/wp-json\/wp\/v2\/pages\/224\/revisions"}],"predecessor-version":[{"id":705,"href":"https:\/\/www.campinglesgranges.fr\/es\/wp-json\/wp\/v2\/pages\/224\/revisions\/705"}],"up":[{"embeddable":true,"href":"https:\/\/www.campinglesgranges.fr\/es\/wp-json\/wp\/v2\/pages\/182"}],"wp:featuredmedia":[{"embeddable":true,"href":"https:\/\/www.campinglesgranges.fr\/es\/wp-json\/wp\/v2\/media\/56"}],"wp:attachment":[{"href":"https:\/\/www.campinglesgranges.fr\/es\/wp-json\/wp\/v2\/media?parent=224"}],"curies":[{"name":"wp","href":"https:\/\/api.w.org\/{rel}","templated":true}]}}

<div class="wp-block-stackable-columns alignfull stk-block-columns stk-block stk-dd23a22" data-block-id="dd23a22"><style>.stk-dd23a22 .stk--block-align-dd23a22{align-items:center !important;}.stk-dd23a22 {margin-bottom:var(--stk--preset--spacing--60, clamp(30px, 7vw, 70px)) !important;}.stk-dd23a22-column{max-width:1280px !important;min-width:auto !important;--stk-column-gap:var(--stk--preset--spacing--50, clamp(30px, 5vw, 50px)) !important;}@media screen and (max-width: 767px){.stk-dd23a22 {--stk-col-order-1:2 !important;--stk-col-order-2:1 !important;}}</style><div class="stk-row stk-inner-blocks stk--block-align-dd23a22 stk-block-content stk-content-align stk-dd23a22-column alignwide">
<div class="wp-block-stackable-column stk-block-column stk-column stk-block stk-836118b" data-v="4" data-block-id="836118b"><div class="stk-column-wrapper stk-block-column__content stk-container stk-836118b-container stk--no-background stk--no-padding"><div class="stk-block-content stk-inner-blocks stk-836118b-inner-blocks">
<div class="wp-block-stackable-image stk-block-image stk-block stk-f9d2a41" data-block-id="f9d2a41"><style>.stk-f9d2a41 .stk-img-wrapper{width:100% !important;height:700px !important;filter:drop-shadow(2px 2px 9px #00000070) !important;}.stk-f9d2a41 .stk-img-wrapper img{border-radius:25px !important;}@media screen and (max-width: 767px){.stk-f9d2a41 .stk-img-wrapper{height:400px !important;}}</style><figure><span class="stk-img-wrapper stk-image--shape-stretch stk--shadow-2px 2px 9px #00000070"><img loading="lazy" decoding="async" class="stk-img wp-image-422" src="https://www.campinglesgranges.fr/wp-content/uploads/2026/03/langeais_chateau_06_avergerjpg-1_webformat.webp" width="800" height="533" alt="castillo del loira - castillo de langeais" srcset="https://www.campinglesgranges.fr/wp-content/uploads/2026/03/langeais_chateau_06_avergerjpg-1_webformat.webp 800w, https://www.campinglesgranges.fr/wp-content/uploads/2026/03/langeais_chateau_06_avergerjpg-1_webformat-300x200.webp 300w, https://www.campinglesgranges.fr/wp-content/uploads/2026/03/langeais_chateau_06_avergerjpg-1_webformat-768x512.webp 768w, https://www.campinglesgranges.fr/wp-content/uploads/2026/03/langeais_chateau_06_avergerjpg-1_webformat-500x333.webp 500w" sizes="auto, (max-width: 800px) 100vw, 800px" /></span></figure></div>
</div></div></div>



<div class="wp-block-stackable-column stk-block-column stk-column stk-block stk-53ee707" data-v="4" data-block-id="53ee707"><div class="stk-column-wrapper stk-block-column__content stk-container stk-53ee707-container stk--no-background stk--no-padding"><div class="stk-block-content stk-inner-blocks stk-53ee707-inner-blocks">
<div class="wp-block-stackable-heading stk-block-heading stk-block-heading--v2 stk-block stk-2cf7483" id="chateau-de-langeais-histoire-medievale-et-fresques" data-block-id="2cf7483"><h2 class="stk-block-heading__text">Castillo de Langeais: historia medieval y frescos</h2></div>



<div class="wp-block-stackable-text stk-block-text stk-block stk-da2d064" data-block-id="da2d064"><p class="stk-block-text__text">Hoy, queremos hablarles sobre un tesoro histórico muy cerca del camping Flower Les granges: el Castillo de Langeais.</p></div>



<div class="wp-block-stackable-text stk-block-text stk-block stk-2258406" data-block-id="2258406"><p class="stk-block-text__text">El Castillo de Langeais es un magnífico castillo medieval, ubicado a solo unos kilómetros de nuestro camping. Construido en el siglo XV, es famoso por su impresionante arquitectura y su papel clave en la historia de Francia. Este castillo ha sido escenario de numerosos acontecimientos importantes, sobre todo la boda de Carlos VIII y Ana de Bretaña, un momento crucial que marcó la unión de los dos ducados.</p></div>



<div class="wp-block-stackable-text stk-block-text stk-block stk-70d3fb0" data-block-id="70d3fb0"><p class="stk-block-text__text">Al visitar el castillo, podrás explorar sus salas ricamente decoradas, sus encantadores jardines e incluso su impresionante fortaleza. No te pierdas el puente levadizo y las fosas que añaden encanto a este lugar histórico. Además, a menudo se ofrecen animaciones y visitas guiadas, lo que hace que la experiencia sea aún más inmersiva y cautivadora.</p></div>



<div class="wp-block-stackable-text stk-block-text stk-block stk-3dd7335" data-block-id="3dd7335"><p class="stk-block-text__text">El Castillo de Langeais es un lugar ideal para pasar un día en familia o con amigos, mientras descubren la fascinante historia de nuestra región. ¡Le recomendamos encarecidamente que planifique su visita durante su estancia con nosotros!</p></div>
</div></div></div>
</div></div>



<div class="wp-block-stackable-columns alignfull stk-block-columns stk-block stk-4f28c56 stk-block-background" data-block-id="4f28c56"><style>.stk-4f28c56 .stk--block-align-4f28c56{align-items:center !important;}.stk-4f28c56 {background-color:var(--stk-global-color-42219, #bce3f9) !important;border-top-left-radius:25px !important;border-top-right-radius:25px !important;border-bottom-right-radius:25px !important;border-bottom-left-radius:25px !important;overflow:hidden !important;box-shadow:2px 2px 10px 0px #0000004a !important;padding-top:var(--stk--preset--spacing--50, clamp(30px, 5vw, 50px)) !important;padding-bottom:var(--stk--preset--spacing--50, clamp(30px, 5vw, 50px)) !important;margin-bottom:var(--stk--preset--spacing--60, clamp(30px, 7vw, 70px)) !important;}.stk-4f28c56:before{background-color:var(--stk-global-color-42219, #bce3f9) !important;}.stk-4f28c56-column{max-width:1280px !important;min-width:auto !important;--stk-column-gap:var(--stk--preset--spacing--50, clamp(30px, 5vw, 50px)) !important;}</style><div class="stk-row stk-inner-blocks stk--block-align-4f28c56 stk-block-content stk-content-align stk-4f28c56-column alignwide">
<div class="wp-block-stackable-column stk-block-column stk-column stk-block stk-f63c99f" data-v="4" data-block-id="f63c99f"><div class="stk-column-wrapper stk-block-column__content stk-container stk-f63c99f-container stk--no-background stk--no-padding"><div class="stk-block-content stk-inner-blocks stk-f63c99f-inner-blocks">
<div class="wp-block-stackable-text stk-block-text stk-block stk-8efc6ad" data-block-id="8efc6ad"><p class="stk-block-text__text">El domingo por la mañana, no olvide visitar el gran mercado tradicional que se celebra al pie del castillo. Es la ocasión perfecta para descubrir los productos locales, degustar especialidades regionales y conocer a artesanos apasionados. El ambiente es agradable y animado, y allí podrá encontrar frutas y verduras frescas, quesos, panes artesanales y muchas otras delicias.</p></div>



<div class="wp-block-stackable-text stk-block-text stk-block stk-87ae098" data-block-id="87ae098"><p class="stk-block-text__text">Finalmente, la calle comercial de Langeais es un lugar encantador para pasear. Encontrará pequeñas tiendas, cafés acogedores y restaurantes donde podrá saborear platos típicos de la región. Es el lugar ideal para comprar algunos souvenirs o simplemente disfrutar de un momento de relajación.</p></div>



<div class="wp-block-stackable-text stk-block-text stk-block stk-334adf1" data-block-id="334adf1"><p class="stk-block-text__text">No dude en pedirnos consejo para llegar allí o para cualquier otra información. Encontrará el programa de actividades del Castillo en la recepción.</p></div>



<div class="wp-block-stackable-text stk-block-text stk-block stk-6c818c9" data-block-id="6c818c9"><p class="stk-block-text__text">¡Disfruta de tu estancia y de la belleza de Indre-et-Loire!</p></div>
</div></div></div>



<div class="wp-block-stackable-column stk-block-column stk-column stk-block stk-80bd9da" data-v="4" data-block-id="80bd9da"><div class="stk-column-wrapper stk-block-column__content stk-container stk-80bd9da-container stk--no-background stk--no-padding"><div class="stk-block-content stk-inner-blocks stk-80bd9da-inner-blocks">
<div class="wp-block-stackable-image stk-block-image has-text-align-right stk-block stk-904e8bd" data-block-id="904e8bd"><style>.stk-904e8bd {margin-bottom:-40px !important;z-index:3 !important;}.stk-904e8bd .stk-img-wrapper{width:150px !important;}</style><figure><span class="stk-img-wrapper stk-image--shape-stretch"><img loading="lazy" decoding="async" class="stk-img wp-image-143" src="https://www.campinglesgranges.fr/wp-content/uploads/2026/03/logo_camping-les-granges-3-1-1.png" width="336" height="286" alt="logo camping les granges 3 1" srcset="https://www.campinglesgranges.fr/wp-content/uploads/2026/03/logo_camping-les-granges-3-1-1.png 336w, https://www.campinglesgranges.fr/wp-content/uploads/2026/03/logo_camping-les-granges-3-1-1-300x255.png 300w" sizes="auto, (max-width: 336px) 100vw, 336px" /></span></figure></div>



<div class="wp-block-stackable-image stk-block-image stk-block stk-5333732" data-block-id="5333732"><style>.stk-5333732 .stk-img-wrapper{width:100% !important;height:413px !important;filter:drop-shadow(2px 2px 9px #00000070) !important;}.stk-5333732 .stk-img-wrapper img{border-radius:25px !important;}</style><figure><span class="stk-img-wrapper stk-image--shape-stretch stk--shadow-2px 2px 9px #00000070"><img loading="lazy" decoding="async" class="stk-img wp-image-423" src="https://www.campinglesgranges.fr/wp-content/uploads/2026/03/langeais_1856_chmouton-1_webformat.webp" width="800" height="533" alt="castillo del loira - castillo de langeais " srcset="https://www.campinglesgranges.fr/wp-content/uploads/2026/03/langeais_1856_chmouton-1_webformat.webp 800w, https://www.campinglesgranges.fr/wp-content/uploads/2026/03/langeais_1856_chmouton-1_webformat-300x200.webp 300w, https://www.campinglesgranges.fr/wp-content/uploads/2026/03/langeais_1856_chmouton-1_webformat-768x512.webp 768w, https://www.campinglesgranges.fr/wp-content/uploads/2026/03/langeais_1856_chmouton-1_webformat-500x333.webp 500w" sizes="auto, (max-width: 800px) 100vw, 800px" /></span></figure></div>
</div></div></div>
</div></div>

<p>Château de Langeais : histoire médiévale et fresques Aujourd’hui, nous souhaitons vous parler d’un trésor historique tout proche du camping Flower Les granges : le Château de Langeais. Le Château de Langeais est un magnifique château médiéval, situé à seulement quelques kilomètres de notre camping. Construit au XVe siècle, il est célèbre pour son architecture [&hellip;]</p>

Visiter le château de Langeais - Camping Les Granges

Découvrez le château de Langeais lors de vos vacances au Camping Les Granges et explorez un site emblématique du patrimoine de la Loire.
